{"id":22147,"date":"2025-07-23T14:18:15","date_gmt":"2025-07-23T13:18:15","guid":{"rendered":"https:\/\/www.cinaweine.ch\/event\/marche-des-cepages\/"},"modified":"2025-07-30T08:14:20","modified_gmt":"2025-07-30T07:14:20","slug":"marche-des-cepages","status":"publish","type":"tribe_events","link":"https:\/\/www.cinaweine.ch\/fr\/event\/marche-des-cepages\/","title":{"rendered":"Marche des c\u00e9pages"},"content":{"rendered":"<p>&nbsp;<\/p>\n<p><img fetchpriority=\"high\" decoding=\"async\" class=\"alignleft size-full wp-image-22144\" src=\"https:\/\/www.cinaweine.ch\/wp-content\/uploads\/2024\/08\/Rebweg.png\" alt=\"\" width=\"363\" height=\"362\" srcset=\"https:\/\/www.cinaweine.ch\/wp-content\/uploads\/2024\/08\/Rebweg.png 363w, https:\/\/www.cinaweine.ch\/wp-content\/uploads\/2024\/08\/Rebweg-300x299.png 300w, https:\/\/www.cinaweine.ch\/wp-content\/uploads\/2024\/08\/Rebweg-150x150.png 150w, https:\/\/www.cinaweine.ch\/wp-content\/uploads\/2024\/08\/Rebweg-250x249.png 250w\" sizes=\"(max-width: 363px) 100vw, 363px\" \/><\/p>\n<p>&nbsp;<\/p>\n<p>&nbsp;<\/p>\n<p>&nbsp;<\/p>\n<p>&nbsp;<\/p>\n<p>&nbsp;<\/p>\n<p>&nbsp;<\/p>\n<p>&nbsp;<\/p>\n<p>&nbsp;<\/p>\n<p>&nbsp;<\/p>\n<p>&nbsp;<\/p>\n<ol start=\"33\">\n<li><strong>  Randonn\u00e9e des c\u00e9pages &#8211; samedi 13 septembre 2025\n<p><\/strong><\/li>\n<\/ol>\n<p>Enfilez vos chaussures les plus confortables et pr\u00e9parez-vous pour la promenade la plus agr\u00e9able de l&rsquo;ann\u00e9e ! Quatre villages &#8211; Sierre, Muraz, Veyras et Mi\u00e8ge &#8211; vous invitent \u00e0 une balade pleine de vin, de bonne humeur et de vues \u00e0 couper le souffle. <\/p>\n<p><strong>Voici comment cela fonctionne :<\/strong><br \/>\nAu d\u00e9part, vous recevrez votre \u00ab\u00a0kit de randonn\u00e9e\u00a0\u00bb :<br \/>\nUn verre \u00e0 vin (oui, \u00e0 emporter !),<br \/>\nUn petit sac en tissu pratique,<br \/>\nCouverts (pour plus tard &#8211; croyez-nous, vous en aurez besoin)<br \/>\nEt bien s\u00fbr, des bons de d\u00e9gustation.<\/p>\n<p>Puis nous partons sur notre itin\u00e9raire balis\u00e9 &#8211; \u00e0 travers les vignes, en passant par des viticulteurs*, des plats d\u00e9licieux et des rencontres garanties formidables. En bref, la randonn\u00e9e n&rsquo;a jamais \u00e9t\u00e9 aussi savoureuse. <\/p>\n<p><strong>Ce que vous recevrez avec votre billet :<br \/>\n<\/strong>&#8211; 1 verre \u00e0 vin (21cl, \u00e0 collectionner !) + support en tissu + bracelet de l&rsquo;\u00e9v\u00e9nement<br \/>\n&#8211; 1 set de couverts (vous voulez raclette&rsquo;n avec style)<br \/>\n&#8211; 1 jeton \u00e0 CHF 3 (d\u00e9p\u00f4t pour vaisselle r\u00e9utilisable &#8211; argent rendu \u00e0 la remise)<br \/>\n&#8211; Degubons :<\/p>\n<ul>\n<li>4 bons d&rsquo;une valeur de 2 CHF chacun, d\u00e9ductibles \u00e0 l&rsquo;achat d&rsquo;une once, ou d&rsquo;un verre de vin (1 dl) ou d&rsquo;une bouteille de vin ou de boissons non alcoolis\u00e9es)<\/li>\n<li>1 bon d&rsquo;une valeur de 5 CHF pour une raclette ou d\u00e9ductible lors de l&rsquo;achat d&rsquo;autres platspour le ventre)<\/li>\n<\/ul>\n<p><strong>Prix :<br \/>\n<\/strong>&#8211; 35 CHF en pr\u00e9vente jusqu&rsquo;au 12 septembre 2025*<br \/>\n&#8211; 40 CHF sur place le 13 septembre 2025*<br \/>\n*plus frais de service <\/p>\n<p>CHF 3.- pour le jeton de d\u00e9p\u00f4t de vaisselle (remboursable entre 16h00 et 22h30 au point d&rsquo;information \/ Roulotte \u00ab\u00a0<em>Marche des C\u00e9pages\u00a0\u00bb sur la place de la maison communale)<\/em><\/p>\n<p><strong>Entr\u00e9e gratuite :<\/strong><\/p>\n<ul>\n<li>Au mus\u00e9e du vin \u00e0 Sierre (09:00-18:00)<\/li>\n<li>Au mus\u00e9e C.C. Olsommer \u00e0 Veyras (14:00-17:00).<\/li>\n<\/ul>\n<p>Alors, du VIN et de la BONNE HYDRATE &#8211; que demander de plus ?<\/p>\n<p><strong> <\/strong><\/p>\n<p><strong>Inscrivez-vous maintenant et apprenez-en plus sur : <\/strong><a href=\"https:\/\/marchedescepages.ch\/de\">https:\/\/marchedescepages.ch\/de<\/a> <strong> <\/strong><\/p>\n","protected":false},"excerpt":{"rendered":"<p>&nbsp; &nbsp; &nbsp; &nbsp; &nbsp; &nbsp; &nbsp; &nbsp; &nbsp; &nbsp; &nbsp; Randonn\u00e9e des c\u00e9pages &#8211; samedi 13 septembre 2025 Enfilez<\/p>\n","protected":false},"author":2756,"featured_media":0,"template":"","meta":{"_tribe_events_status":"","_tribe_events_status_reason":"","footnotes":""},"tags":[],"tribe_events_cat":[],"class_list":["post-22147","tribe_events","type-tribe_events","status-publish","hentry"],"_links":{"self":[{"href":"https:\/\/www.cinaweine.ch\/fr\/wp-json\/wp\/v2\/tribe_events\/22147","targetHints":{"allow":["GET"]}}],"collection":[{"href":"https:\/\/www.cinaweine.ch\/fr\/wp-json\/wp\/v2\/tribe_events"}],"about":[{"href":"https:\/\/www.cinaweine.ch\/fr\/wp-json\/wp\/v2\/types\/tribe_events"}],"author":[{"embeddable":true,"href":"https:\/\/www.cinaweine.ch\/fr\/wp-json\/wp\/v2\/users\/2756"}],"version-history":[{"count":1,"href":"https:\/\/www.cinaweine.ch\/fr\/wp-json\/wp\/v2\/tribe_events\/22147\/revisions"}],"predecessor-version":[{"id":22160,"href":"https:\/\/www.cinaweine.ch\/fr\/wp-json\/wp\/v2\/tribe_events\/22147\/revisions\/22160"}],"wp:attachment":[{"href":"https:\/\/www.cinaweine.ch\/fr\/wp-json\/wp\/v2\/media?parent=22147"}],"wp:term":[{"taxonomy":"post_tag","embeddable":true,"href":"https:\/\/www.cinaweine.ch\/fr\/wp-json\/wp\/v2\/tags?post=22147"},{"taxonomy":"tribe_events_cat","embeddable":true,"href":"https:\/\/www.cinaweine.ch\/fr\/wp-json\/wp\/v2\/tribe_events_cat?post=22147"}],"curies":[{"name":"wp","href":"https:\/\/api.w.org\/{rel}","templated":true}]}}

Marche des cépages

<p>&nbsp;</p>
<p><img fetchpriority="high" decoding="async" class="alignleft size-full wp-image-22144" src="https://www.cinaweine.ch/wp-content/uploads/2024/08/Rebweg.png" alt="" width="363" height="362" srcset="https://www.cinaweine.ch/wp-content/uploads/2024/08/Rebweg.png 363w, https://www.cinaweine.ch/wp-content/uploads/2024/08/Rebweg-300x299.png 300w, https://www.cinaweine.ch/wp-content/uploads/2024/08/Rebweg-150x150.png 150w, https://www.cinaweine.ch/wp-content/uploads/2024/08/Rebweg-250x249.png 250w" sizes="(max-width: 363px) 100vw, 363px" /></p>
<p>&nbsp;</p>
<p>&nbsp;</p>
<p>&nbsp;</p>
<p>&nbsp;</p>
<p>&nbsp;</p>
<p>&nbsp;</p>
<p>&nbsp;</p>
<p>&nbsp;</p>
<p>&nbsp;</p>
<p>&nbsp;</p>
<ol start="33">
<li><strong>  Randonnée des cépages &#8211; samedi 13 septembre 2025
<p></strong></li>
</ol>
<p>Enfilez vos chaussures les plus confortables et préparez-vous pour la promenade la plus agréable de l&rsquo;année ! Quatre villages &#8211; Sierre, Muraz, Veyras et Miège &#8211; vous invitent à une balade pleine de vin, de bonne humeur et de vues à couper le souffle. </p>
<p><strong>Voici comment cela fonctionne :</strong><br />
Au départ, vous recevrez votre « kit de randonnée » :<br />
Un verre à vin (oui, à emporter !),<br />
Un petit sac en tissu pratique,<br />
Couverts (pour plus tard &#8211; croyez-nous, vous en aurez besoin)<br />
Et bien sûr, des bons de dégustation.</p>
<p>Puis nous partons sur notre itinéraire balisé &#8211; à travers les vignes, en passant par des viticulteurs*, des plats délicieux et des rencontres garanties formidables. En bref, la randonnée n&rsquo;a jamais été aussi savoureuse. </p>
<p><strong>Ce que vous recevrez avec votre billet :<br />
</strong>&#8211; 1 verre à vin (21cl, à collectionner !) + support en tissu + bracelet de l&rsquo;événement<br />
&#8211; 1 set de couverts (vous voulez raclette&rsquo;n avec style)<br />
&#8211; 1 jeton à CHF 3 (dépôt pour vaisselle réutilisable &#8211; argent rendu à la remise)<br />
&#8211; Degubons :</p>
<ul>
<li>4 bons d&rsquo;une valeur de 2 CHF chacun, déductibles à l&rsquo;achat d&rsquo;une once, ou d&rsquo;un verre de vin (1 dl) ou d&rsquo;une bouteille de vin ou de boissons non alcoolisées)</li>
<li>1 bon d&rsquo;une valeur de 5 CHF pour une raclette ou déductible lors de l&rsquo;achat d&rsquo;autres platspour le ventre)</li>
</ul>
<p><strong>Prix :<br />
</strong>&#8211; 35 CHF en prévente jusqu&rsquo;au 12 septembre 2025*<br />
&#8211; 40 CHF sur place le 13 septembre 2025*<br />
*plus frais de service </p>
<p>CHF 3.- pour le jeton de dépôt de vaisselle (remboursable entre 16h00 et 22h30 au point d&rsquo;information / Roulotte « <em>Marche des Cépages » sur la place de la maison communale)</em></p>
<p><strong>Entrée gratuite :</strong></p>
<ul>
<li>Au musée du vin à Sierre (09:00-18:00)</li>
<li>Au musée C.C. Olsommer à Veyras (14:00-17:00).</li>
</ul>
<p>Alors, du VIN et de la BONNE HYDRATE &#8211; que demander de plus ?</p>
<p><strong> </strong></p>
<p><strong>Inscrivez-vous maintenant et apprenez-en plus sur : </strong><a href="https://marchedescepages.ch/de">https://marchedescepages.ch/de</a> <strong> </strong></p>

<p>&nbsp; &nbsp; &nbsp; &nbsp; &nbsp; &nbsp; &nbsp; &nbsp; &nbsp; &nbsp; &nbsp; Randonnée des cépages &#8211; samedi 13 septembre 2025 Enfilez</p>
